{"id":1230,"date":"2017-04-08T14:34:07","date_gmt":"2017-04-08T13:34:07","guid":{"rendered":"https:\/\/hoover.gplrank.de\/?page_id=1230"},"modified":"2017-08-01T10:38:15","modified_gmt":"2017-08-01T09:38:15","slug":"02600-rohrweihe-marsh-harrier","status":"publish","type":"page","link":"https:\/\/hoover.gplrank.de\/?page_id=1230","title":{"rendered":"(02600) Rohrweihe \/ Marsh Harrier"},"content":{"rendered":"<p><a href=\"https:\/\/hoover.gplrank.de\/wp-content\/uploads\/2017\/04\/rohrweihe01-3.jpg\"><img loading=\"lazy\" decoding=\"async\" class=\"aligncenter size-large wp-image-1517\" src=\"https:\/\/hoover.gplrank.de\/wp-content\/uploads\/2017\/04\/rohrweihe01-3-1024x703.jpg\" alt=\"\" width=\"625\" height=\"429\" srcset=\"https:\/\/hoover.gplrank.de\/wp-content\/uploads\/2017\/04\/rohrweihe01-3-1024x703.jpg 1024w, https:\/\/hoover.gplrank.de\/wp-content\/uploads\/2017\/04\/rohrweihe01-3-300x206.jpg 300w, https:\/\/hoover.gplrank.de\/wp-content\/uploads\/2017\/04\/rohrweihe01-3-768x527.jpg 768w, https:\/\/hoover.gplrank.de\/wp-content\/uploads\/2017\/04\/rohrweihe01-3-624x428.jpg 624w, https:\/\/hoover.gplrank.de\/wp-content\/uploads\/2017\/04\/rohrweihe01-3.jpg 1200w\" sizes=\"auto, (max-width: 625px) 100vw, 625px\" \/><\/a> <a href=\"https:\/\/hoover.gplrank.de\/wp-content\/uploads\/2017\/04\/rohrweihe02-2.jpg\"><img loading=\"lazy\" decoding=\"async\" class=\"aligncenter size-large wp-image-1518\" src=\"https:\/\/hoover.gplrank.de\/wp-content\/uploads\/2017\/04\/rohrweihe02-2-1024x721.jpg\" alt=\"\" width=\"625\" height=\"440\" srcset=\"https:\/\/hoover.gplrank.de\/wp-content\/uploads\/2017\/04\/rohrweihe02-2-1024x721.jpg 1024w, https:\/\/hoover.gplrank.de\/wp-content\/uploads\/2017\/04\/rohrweihe02-2-300x211.jpg 300w, https:\/\/hoover.gplrank.de\/wp-content\/uploads\/2017\/04\/rohrweihe02-2-768x541.jpg 768w, https:\/\/hoover.gplrank.de\/wp-content\/uploads\/2017\/04\/rohrweihe02-2-624x439.jpg 624w, https:\/\/hoover.gplrank.de\/wp-content\/uploads\/2017\/04\/rohrweihe02-2.jpg 1200w\" sizes=\"auto, (max-width: 625px) 100vw, 625px\" \/><\/a><\/p>\n<p>F\u00fcllenbruch<\/p>\n<p><a href=\"https:\/\/hoover.gplrank.de\/wp-content\/uploads\/2017\/04\/rohrweihe01-2.jpg\"><img loading=\"lazy\" decoding=\"async\" class=\"aligncenter size-large wp-image-1464\" src=\"https:\/\/hoover.gplrank.de\/wp-content\/uploads\/2017\/04\/rohrweihe01-2-1024x702.jpg\" alt=\"\" width=\"625\" height=\"428\" srcset=\"https:\/\/hoover.gplrank.de\/wp-content\/uploads\/2017\/04\/rohrweihe01-2-1024x702.jpg 1024w, https:\/\/hoover.gplrank.de\/wp-content\/uploads\/2017\/04\/rohrweihe01-2-300x206.jpg 300w, https:\/\/hoover.gplrank.de\/wp-content\/uploads\/2017\/04\/rohrweihe01-2-768x527.jpg 768w, https:\/\/hoover.gplrank.de\/wp-content\/uploads\/2017\/04\/rohrweihe01-2-624x428.jpg 624w, https:\/\/hoover.gplrank.de\/wp-content\/uploads\/2017\/04\/rohrweihe01-2.jpg 1200w\" sizes=\"auto, (max-width: 625px) 100vw, 625px\" \/><\/a> <a href=\"https:\/\/hoover.gplrank.de\/wp-content\/uploads\/2017\/04\/rohrweihe02-1.jpg\"><img loading=\"lazy\" decoding=\"async\" class=\"aligncenter size-large wp-image-1465\" src=\"https:\/\/hoover.gplrank.de\/wp-content\/uploads\/2017\/04\/rohrweihe02-1-1024x683.jpg\" alt=\"\" width=\"625\" height=\"417\" srcset=\"https:\/\/hoover.gplrank.de\/wp-content\/uploads\/2017\/04\/rohrweihe02-1-1024x683.jpg 1024w, https:\/\/hoover.gplrank.de\/wp-content\/uploads\/2017\/04\/rohrweihe02-1-300x200.jpg 300w, https:\/\/hoover.gplrank.de\/wp-content\/uploads\/2017\/04\/rohrweihe02-1-768x513.jpg 768w, https:\/\/hoover.gplrank.de\/wp-content\/uploads\/2017\/04\/rohrweihe02-1-624x416.jpg 624w, https:\/\/hoover.gplrank.de\/wp-content\/uploads\/2017\/04\/rohrweihe02-1.jpg 2008w\" sizes=\"auto, (max-width: 625px) 100vw, 625px\" \/><\/a><\/p>\n<ul id=\"wp-image-1464\" class=\"exif\"><li class=\"aperture\">Aperture: &#402;\/5<\/li><li class=\"camera\">Camera: COOLPIX P900<\/li><li class=\"created_timestamp\">Taken: 6 May, 2017<\/li><li class=\"flash\">Flash fired: no<\/li><li class=\"focal_length\">Focal length: 71.4mm<\/li><li class=\"iso\">ISO: 100<\/li><li class=\"shutter_speed\">Shutter speed: 1\/1000s<\/li><\/ul>\n<p>F\u00fcllenbruch<\/p>\n<p><a href=\"https:\/\/hoover.gplrank.de\/wp-content\/uploads\/2017\/04\/rohrweihe01-1.jpg\"><img loading=\"lazy\" decoding=\"async\" class=\"aligncenter size-large wp-image-1287\" src=\"https:\/\/hoover.gplrank.de\/wp-content\/uploads\/2017\/04\/rohrweihe01-1-1024x623.jpg\" alt=\"\" width=\"625\" height=\"380\" srcset=\"https:\/\/hoover.gplrank.de\/wp-content\/uploads\/2017\/04\/rohrweihe01-1.jpg 1024w, https:\/\/hoover.gplrank.de\/wp-content\/uploads\/2017\/04\/rohrweihe01-1-300x183.jpg 300w, https:\/\/hoover.gplrank.de\/wp-content\/uploads\/2017\/04\/rohrweihe01-1-768x467.jpg 768w, https:\/\/hoover.gplrank.de\/wp-content\/uploads\/2017\/04\/rohrweihe01-1-624x380.jpg 624w\" sizes=\"auto, (max-width: 625px) 100vw, 625px\" \/><\/a><\/p>\n<p><a href=\"https:\/\/hoover.gplrank.de\/wp-content\/uploads\/2017\/04\/rohrweihe01.jpg\"><ul id=\"wp-image-1287\" class=\"exif\"><li class=\"aperture\">Aperture: &#402;\/5.6<\/li><li class=\"camera\">Camera: COOLPIX P900<\/li><li class=\"created_timestamp\">Taken: 18 April, 2017<\/li><li class=\"flash\">Flash fired: no<\/li><li class=\"focal_length\">Focal length: 143mm<\/li><li class=\"iso\">ISO: 100<\/li><li class=\"shutter_speed\">Shutter speed: 1\/640s<\/li><\/ul><\/a><\/p>\n<p>Baltrum<a href=\"https:\/\/hoover.gplrank.de\/wp-content\/uploads\/2017\/04\/rohrweihe01.jpg\"><img loading=\"lazy\" decoding=\"async\" class=\"aligncenter size-large wp-image-1231\" src=\"https:\/\/hoover.gplrank.de\/wp-content\/uploads\/2017\/04\/rohrweihe01-1024x802.jpg\" alt=\"\" width=\"625\" height=\"490\" srcset=\"https:\/\/hoover.gplrank.de\/wp-content\/uploads\/2017\/04\/rohrweihe01-1024x802.jpg 1024w, https:\/\/hoover.gplrank.de\/wp-content\/uploads\/2017\/04\/rohrweihe01-300x235.jpg 300w, https:\/\/hoover.gplrank.de\/wp-content\/uploads\/2017\/04\/rohrweihe01-768x602.jpg 768w, https:\/\/hoover.gplrank.de\/wp-content\/uploads\/2017\/04\/rohrweihe01-624x489.jpg 624w, https:\/\/hoover.gplrank.de\/wp-content\/uploads\/2017\/04\/rohrweihe01.jpg 1200w\" sizes=\"auto, (max-width: 625px) 100vw, 625px\" \/><\/a> <a href=\"https:\/\/hoover.gplrank.de\/wp-content\/uploads\/2017\/04\/rohrweihe02.jpg\"><img loading=\"lazy\" decoding=\"async\" class=\"aligncenter size-large wp-image-1232\" src=\"https:\/\/hoover.gplrank.de\/wp-content\/uploads\/2017\/04\/rohrweihe02.jpg\" alt=\"\" width=\"625\" height=\"510\" srcset=\"https:\/\/hoover.gplrank.de\/wp-content\/uploads\/2017\/04\/rohrweihe02.jpg 637w, https:\/\/hoover.gplrank.de\/wp-content\/uploads\/2017\/04\/rohrweihe02-300x245.jpg 300w, https:\/\/hoover.gplrank.de\/wp-content\/uploads\/2017\/04\/rohrweihe02-624x509.jpg 624w\" sizes=\"auto, (max-width: 625px) 100vw, 625px\" \/><\/a><\/p>\n<p>F\u00fcllenbruch<\/p>\n","protected":false},"excerpt":{"rendered":"<p>F\u00fcllenbruch F\u00fcllenbruch Baltrum F\u00fcllenbruch<\/p>\n","protected":false},"author":1,"featured_media":0,"parent":730,"menu_order":2600,"comment_status":"closed","ping_status":"closed","template":"bird.php","meta":{"footnotes":""},"class_list":["post-1230","page","type-page","status-publish","hentry"],"_links":{"self":[{"href":"https:\/\/hoover.gplrank.de\/index.php?rest_route=\/wp\/v2\/pages\/1230","targetHints":{"allow":["GET"]}}],"collection":[{"href":"https:\/\/hoover.gplrank.de\/index.php?rest_route=\/wp\/v2\/pages"}],"about":[{"href":"https:\/\/hoover.gplrank.de\/index.php?rest_route=\/wp\/v2\/types\/page"}],"author":[{"embeddable":true,"href":"https:\/\/hoover.gplrank.de\/index.php?rest_route=\/wp\/v2\/users\/1"}],"replies":[{"embeddable":true,"href":"https:\/\/hoover.gplrank.de\/index.php?rest_route=%2Fwp%2Fv2%2Fcomments&post=1230"}],"version-history":[{"count":4,"href":"https:\/\/hoover.gplrank.de\/index.php?rest_route=\/wp\/v2\/pages\/1230\/revisions"}],"predecessor-version":[{"id":1519,"href":"https:\/\/hoover.gplrank.de\/index.php?rest_route=\/wp\/v2\/pages\/1230\/revisions\/1519"}],"up":[{"embeddable":true,"href":"https:\/\/hoover.gplrank.de\/index.php?rest_route=\/wp\/v2\/pages\/730"}],"wp:attachment":[{"href":"https:\/\/hoover.gplrank.de\/index.php?rest_route=%2Fwp%2Fv2%2Fmedia&parent=1230"}],"curies":[{"name":"wp","href":"https:\/\/api.w.org\/{rel}","templated":true}]}}